{"id":1898,"date":"2021-01-04T09:46:32","date_gmt":"2021-01-04T09:46:32","guid":{"rendered":"https:\/\/comunica-t.net\/raulgutierrez\/?page_id=1898"},"modified":"2021-01-19T13:39:37","modified_gmt":"2021-01-19T13:39:37","slug":"supervision-clinica-y-docente","status":"publish","type":"page","link":"https:\/\/raulgutierrez.es\/index.php\/supervision-clinica-y-docente\/","title":{"rendered":"Supervisi\u00f3n cl\u00ednica y docente"},"content":{"rendered":"\t\t<div data-elementor-type=\"wp-page\" data-elementor-id=\"1898\" class=\"elementor elementor-1898\">\n\t\t\t\t\t\t<section class=\"elementor-section elementor-top-section elementor-element elementor-element-7f8a4d7 elementor-section-boxed elementor-section-height-default elementor-section-height-default wd-section-disabled\" data-id=\"7f8a4d7\" data-element_type=\"section\">\n\t\t\t\t\t\t<div class=\"elementor-container elementor-column-gap-default\">\n\t\t\t\t\t<div class=\"elementor-column elementor-col-50 elementor-top-column elementor-element elementor-element-4b96f22\" data-id=\"4b96f22\" data-element_type=\"column\">\n\t\t\t<div class=\"elementor-widget-wrap elementor-element-populated\">\n\t\t\t\t\t\t<div class=\"elementor-element elementor-element-f1e458b color-scheme-inherit text-left elementor-widget elementor-widget-text-editor\" data-id=\"f1e458b\" data-element_type=\"widget\" data-widget_type=\"text-editor.default\">\n\t\t\t\t<div class=\"elementor-widget-container\">\n\t\t\t\t\t\t\t\t\t<p>Uno de los pilares para el buen ejercicio de la psicoterapia y la profesi\u00f3n, cl\u00ednica, social y educativa en general (psicolog\u00eda, educaci\u00f3n social, trabajo social, integraci\u00f3n social, pedagog\u00eda, magisterio, etc\u2026),, adem\u00e1s de la formaci\u00f3n y el trabajo personal del profesional, es precisamente la supervisi\u00f3n, resultando esta un espacio de reflexi\u00f3n desde el cual analizar el trabajo junto a otro profesional que invita a pensar juntos.<\/p><p>Mis formaciones de base son la terapia familiar sist\u00e9mica, el psicoan\u00e1lisis relacional y el tratamiento basado en la mentalizaci\u00f3n, as\u00ed como el modelo de psicoterapia de apoyo de Vinculaci\u00f3n Emocional Validante, pensando as\u00ed los procesos desde diferentes fuentes te\u00f3ricas y pr\u00e1cticas, en funci\u00f3n del caso, de las necesidades y posibilidades de intervenci\u00f3n.<\/p><p>Tanto en el encuentro individual como en el espacio grupal, donde los y las colegas profesionales participan activamente en la reflexi\u00f3n, sea modalidad presencia u online, el espacio de supervisi\u00f3n resulta un lugar para pensar.<\/p>\t\t\t\t\t\t\t\t<\/div>\n\t\t\t\t<\/div>\n\t\t\t\t<div class=\"elementor-element elementor-element-aae155f elementor-widget elementor-widget-wd_button\" data-id=\"aae155f\" data-element_type=\"widget\" data-widget_type=\"wd_button.default\">\n\t\t\t\t<div class=\"elementor-widget-container\">\n\t\t\t\t\t\t\t<div class=\"woodmart-button-wrapper text-left\" >\n\t\t\t<a class=\"btn btn-style-bordered btn-shape-rectangle btn-size-default btn-color-primary btn-icon-pos-right\"  href=\"https:\/\/raulgutierrez.es\/index.php\/contacto\/\">\n\t\t\t\t<span class=\"wd-btn-text\" data-elementor-setting-key=\"text\">\n\t\t\t\t\tPENSEMOS JUNTOS \t\t\t\t<\/span>\n\n\t\t\t\t\t\t\t<\/a>\n\t\t<\/div>\n\t\t\t\t\t\t<\/div>\n\t\t\t\t<\/div>\n\t\t\t\t\t<\/div>\n\t\t<\/div>\n\t\t\t\t<div class=\"elementor-column elementor-col-50 elementor-top-column elementor-element elementor-element-e6e257a\" data-id=\"e6e257a\" data-element_type=\"column\">\n\t\t\t<div class=\"elementor-widget-wrap elementor-element-populated\">\n\t\t\t\t\t\t<div class=\"elementor-element elementor-element-1012be0 elementor-widget elementor-widget-image\" data-id=\"1012be0\" data-element_type=\"widget\" data-widget_type=\"image.default\">\n\t\t\t\t<div class=\"elementor-widget-container\">\n\t\t\t\t\t\t\t\t\t\t\t\t\t\t\t<img fetchpriority=\"high\" decoding=\"async\" width=\"1006\" height=\"653\" src=\"https:\/\/raulgutierrez.es\/wp-content\/uploads\/2021\/01\/BARCOS4.jpg\" class=\"attachment-large size-large wp-image-1900\" alt=\"\" srcset=\"https:\/\/raulgutierrez.es\/wp-content\/uploads\/2021\/01\/BARCOS4.jpg 1006w, https:\/\/raulgutierrez.es\/wp-content\/uploads\/2021\/01\/BARCOS4-300x195.jpg 300w, https:\/\/raulgutierrez.es\/wp-content\/uploads\/2021\/01\/BARCOS4-768x499.jpg 768w\" sizes=\"(max-width: 1006px) 100vw, 1006px\" \/>\t\t\t\t\t\t\t\t\t\t\t\t\t\t\t<\/div>\n\t\t\t\t<\/div>\n\t\t\t\t\t<\/div>\n\t\t<\/div>\n\t\t\t\t\t<\/div>\n\t\t<\/section>\n\t\t\t\t<section class=\"elementor-section elementor-top-section elementor-element elementor-element-ffece76 elementor-section-boxed elementor-section-height-default elementor-section-height-default wd-section-disabled\" data-id=\"ffece76\" data-element_type=\"section\">\n\t\t\t\t\t\t<div class=\"elementor-container elementor-column-gap-default\">\n\t\t\t\t\t<div class=\"elementor-column elementor-col-50 elementor-top-column elementor-element elementor-element-e4bac2d\" data-id=\"e4bac2d\" data-element_type=\"column\" data-settings=\"{&quot;background_background&quot;:&quot;classic&quot;}\">\n\t\t\t<div class=\"elementor-widget-wrap elementor-element-populated\">\n\t\t\t\t\t\t<div class=\"elementor-element elementor-element-e7611cd elementor-widget elementor-widget-wd_title\" data-id=\"e7611cd\" data-element_type=\"widget\" data-widget_type=\"wd_title.default\">\n\t\t\t\t<div class=\"elementor-widget-container\">\n\t\t\t\t\t\t\t<div class=\"title-wrapper woodmart-title-color-default woodmart-title-style-default woodmart-title-size-default text-center\">\n\n\t\t\t\t\t\t\t<div class=\"title-subtitle subtitle-style-default\">\n\t\t\t\t\tINDIVIDUAL O GRUPAL\t\t\t\t<\/div>\n\t\t\t\n\t\t\t<div class=\"liner-continer\">\n\t\t\t\t<span class=\"left-line\"><\/span>\n\n\t\t\t\t<h4 class=\"woodmart-title-container title\">\n\t\t\t\t\tPRESENCIAL Y ONLINE\t\t\t\t<\/h4>\n\n\t\t\t\t\n\t\t\t\t<span class=\"right-line\"><\/span>\n\t\t\t<\/div>\n\n\t\t\t\t\t\t\t<div class=\"title-after_title\">\n\t\t\t\t\tLas supervisiones presenciales pueden ser individuales o grupales (hasta un m\u00e1ximo de 4 participantes), en la modalidad online, adem\u00e1s de individual o grupal, se contempla el encuentro interpares.<br \/>\n<br \/>\nLa supervisi\u00f3n interpares, se trata de encuentros grupales acompa\u00f1ados por dos o m\u00e1s supervisores, las cuales se proponen en colaboraci\u00f3n con la Asociaci\u00f3n para el Desarrollo de la Psicoterapia en Contextos Educativo-Terap\u00e9utico-Sociales (ADP-CETS), contando con la participaci\u00f3n de socios didactas con experiencia en Docencia en psicoterapia y supervisi\u00f3n, pensando juntos los casos y los procesos desde diversas orientaciones y experiencias complementarias que enriquezcan la reflexi\u00f3n y el aprendizaje.\t\t\t\t<\/div>\n\t\t\t\t\t<\/div>\n\t\t\t\t\t\t<\/div>\n\t\t\t\t<\/div>\n\t\t\t\t<div class=\"elementor-element elementor-element-d7a3e59 elementor-widget elementor-widget-wd_button\" data-id=\"d7a3e59\" data-element_type=\"widget\" data-widget_type=\"wd_button.default\">\n\t\t\t\t<div class=\"elementor-widget-container\">\n\t\t\t\t\t\t\t<div class=\"woodmart-button-wrapper text-center\" >\n\t\t\t<a class=\"btn btn-style-bordered btn-shape-rectangle btn-size-default btn-color-primary btn-icon-pos-right\"  href=\"https:\/\/raulgutierrez.es\/index.php\/contacto\/\">\n\t\t\t\t<span class=\"wd-btn-text\" data-elementor-setting-key=\"text\">\n\t\t\t\t\tPARA AMPLIAR INFORMACI\u00d3N, P\u00d3NGASE EN CONTACTO CONMIGO A TRAV\u00c9S DE ESTE ENLACE\t\t\t\t<\/span>\n\n\t\t\t\t\t\t\t<\/a>\n\t\t<\/div>\n\t\t\t\t\t\t<\/div>\n\t\t\t\t<\/div>\n\t\t\t\t\t<\/div>\n\t\t<\/div>\n\t\t\t\t<div class=\"elementor-column elementor-col-50 elementor-top-column elementor-element elementor-element-bcb5854\" data-id=\"bcb5854\" data-element_type=\"column\" data-settings=\"{&quot;background_background&quot;:&quot;classic&quot;}\">\n\t\t\t<div class=\"elementor-widget-wrap elementor-element-populated\">\n\t\t\t\t\t\t<div class=\"elementor-element elementor-element-b92c864 elementor-widget elementor-widget-wd_title\" data-id=\"b92c864\" data-element_type=\"widget\" data-widget_type=\"wd_title.default\">\n\t\t\t\t<div class=\"elementor-widget-container\">\n\t\t\t\t\t\t\t<div class=\"title-wrapper woodmart-title-color-default woodmart-title-style-default woodmart-title-size-default text-center\">\n\n\t\t\t\t\t\t\t<div class=\"title-subtitle subtitle-style-default\">\n\t\t\t\t\tSOLO INDIVIDUAL\t\t\t\t<\/div>\n\t\t\t\n\t\t\t<div class=\"liner-continer\">\n\t\t\t\t<span class=\"left-line\"><\/span>\n\n\t\t\t\t<h4 class=\"woodmart-title-container title\">\n\t\t\t\t\tEN STREAMING \t\t\t\t<\/h4>\n\n\t\t\t\t\n\t\t\t\t<span class=\"right-line\"><\/span>\n\t\t\t<\/div>\n\n\t\t\t\t\t\t\t<div class=\"title-after_title\">\n\t\t\t\t\t<strong>Modalidad Online en directo,<\/strong> siendo la videollamada mediante ordenador un medio a trav\u00e9s del cual poder presenciar en directo la sesi\u00f3n como si se tratara de un espejo unidireccional o c\u00e1mara Gesell. Para ello se debe contar con un equipo m\u00ednimo de grabaci\u00f3n y videollamada.<br \/>\n<br \/>\nAunque la sesi\u00f3n se sigue en directo, el paciente no ve al supervisor, siendo el tel\u00e9fono el medio a trav\u00e9s del cual el supervisor se comunica con el\/la psicoterapeuta para poder intercambiar impresiones en tiempo real durante la sesi\u00f3n. As\u00ed mismo, se dedicar\u00e1 un tiempo previo a la sesi\u00f3n entre supervisor y psicoterapeuta para preparar el encuentro y un tiempo posterior a la sesi\u00f3n para pensarla juntos.<br \/>\n<br \/>\nLa intervenci\u00f3n en directo del supervisor se limitar\u00e1 a tiempos breves donde compartir reflexiones que puedan invitar a pensar.\t\t\t\t<\/div>\n\t\t\t\t\t<\/div>\n\t\t\t\t\t\t<\/div>\n\t\t\t\t<\/div>\n\t\t\t\t<div class=\"elementor-element elementor-element-b10adf7 elementor-widget elementor-widget-wd_button\" data-id=\"b10adf7\" data-element_type=\"widget\" data-widget_type=\"wd_button.default\">\n\t\t\t\t<div class=\"elementor-widget-container\">\n\t\t\t\t\t\t\t<div class=\"woodmart-button-wrapper text-center\" >\n\t\t\t<a class=\"btn btn-style-bordered btn-shape-rectangle btn-size-default btn-color-primary btn-icon-pos-right\"  href=\"https:\/\/raulgutierrez.es\/index.php\/contacto\/\">\n\t\t\t\t<span class=\"wd-btn-text\" data-elementor-setting-key=\"text\">\n\t\t\t\t\tPARA AMPLIAR INFORMACI\u00d3N, P\u00d3NGASE EN CONTACTO CONMIGO A TRAV\u00c9S DE ESTE ENLACE\t\t\t\t<\/span>\n\n\t\t\t\t\t\t\t<\/a>\n\t\t<\/div>\n\t\t\t\t\t\t<\/div>\n\t\t\t\t<\/div>\n\t\t\t\t\t<\/div>\n\t\t<\/div>\n\t\t\t\t\t<\/div>\n\t\t<\/section>\n\t\t\t\t<\/div>\n\t\t","protected":false},"excerpt":{"rendered":"<p>Uno de los pilares para el buen ejercicio de la psicoterapia y la profesi\u00f3n, cl\u00ednica, social y educativa en general<\/p>\n","protected":false},"author":1,"featured_media":0,"parent":0,"menu_order":0,"comment_status":"closed","ping_status":"closed","template":"","meta":{"om_disable_all_campaigns":false,"_monsterinsights_skip_tracking":false,"_monsterinsights_sitenote_active":false,"_monsterinsights_sitenote_note":"","_monsterinsights_sitenote_category":0,"footnotes":""},"class_list":["post-1898","page","type-page","status-publish","hentry"],"_links":{"self":[{"href":"https:\/\/raulgutierrez.es\/index.php\/wp-json\/wp\/v2\/pages\/1898","targetHints":{"allow":["GET"]}}],"collection":[{"href":"https:\/\/raulgutierrez.es\/index.php\/wp-json\/wp\/v2\/pages"}],"about":[{"href":"https:\/\/raulgutierrez.es\/index.php\/wp-json\/wp\/v2\/types\/page"}],"author":[{"embeddable":true,"href":"https:\/\/raulgutierrez.es\/index.php\/wp-json\/wp\/v2\/users\/1"}],"replies":[{"embeddable":true,"href":"https:\/\/raulgutierrez.es\/index.php\/wp-json\/wp\/v2\/comments?post=1898"}],"version-history":[{"count":11,"href":"https:\/\/raulgutierrez.es\/index.php\/wp-json\/wp\/v2\/pages\/1898\/revisions"}],"predecessor-version":[{"id":2280,"href":"https:\/\/raulgutierrez.es\/index.php\/wp-json\/wp\/v2\/pages\/1898\/revisions\/2280"}],"wp:attachment":[{"href":"https:\/\/raulgutierrez.es\/index.php\/wp-json\/wp\/v2\/media?parent=1898"}],"curies":[{"name":"wp","href":"https:\/\/api.w.org\/{rel}","templated":true}]}}